*2 + 8*i**2. What is the units digit of k(g)?
5
What is the tens digit of 16513 + -5 + (-204)/17?
9
Suppose 9431640 = 231*f + 39*f. What is the tens digit of f?
3
Let m(v) = 2*v**2 + 73*v - 106. What is the hundreds digit of m(11)?
9
Let b be ((-2)/3)/(2/114). Suppose 0 = -z - 6, -d - 202*z + 206*z = 85. Let s = b - d. What is the units digit of s?
1
Let x be 23*-1*3*(-20)/(-5). Let i = x - -464. Suppose 0*g - 2*g = -i. What is the units digit of g?
4
Let i = 53331 + -19434. What is the thousands digit of i?
3
Let o = -25 + 31. Suppose 0 = -o*p - p. Suppose 3*j + p*m - 4*m - 369 = 0, 0 = -5*j - 4*m + 583. What is the tens digit of j?
1
Let i = 7267 - -1125. What is the thousands digit of i?
8
Let u = 75 - 34. Let k = -43 + u. Let q(j) = -5*j**3. What is the units digit of q(k)?
0
Suppose 8*f + 1944 = -f. Let q be f/(-40) + (-2)/5. Suppose -4*k + 984 = n + 3*n, -4*n - q*k = -988. What is the tens digit of n?
4
Suppose -5*m - r = 5, -32 + 7 = -2*m + 5*r. What is the tens digit of (-1 + m)*12/(-12) + 96?
9
Let z(x) = -27*x - 119. Let o(h) = 26*h + 118. Let l(r) = 2*o(r) + 3*z(r). What is the tens digit of l(-19)?
3
Let v(r) = 3*r**2 - 14*r - 43. Suppose -3*q + 4 - 5 = -u, 2*q - 42 = -2*u. What is the tens digit of v(u)?
0
Suppose 0 = 8*o + 8*o - 128. What is the tens digit of (-1539)/(-12) + 2 - 2/o?
3
Let x = 422 - -757. Let n = 497 + x. What is the units digit of n?
6
What is the thousands digit of (31/((-744)/(-1764)))/((-1)/(-286))?
1
Suppose 0 = 8*o - 3104 - 3408. Suppose -o = -2*b + 13*b. Let c = b - -117. What is the tens digit of c?
4
Let w(c) = -34*c - 303. Let f be w(-9). What is the units digit of (494 - (f + -21)/(-6))/1?
1
Suppose 2866 + 16154 = 15*h. Let t = h + -510. What is the hundreds digit of t?
7
Suppose 10*w - 23*w + 5277 = -10*w. What is the thousands digit of w?
1
What is the thousands digit of (-1243417)/(-114) + ((-1)/5)/((-6)/(-5))?
0
Let g(b) = 0*b**2 + b**2 + b + 15 + 12*b - 3*b. Let y be g(-8). Let x(z) = -109*z - 2. What is the tens digit of x(y)?
0
Suppose p - 5*y + 10*y - 20634 = 0, 2*y - 247956 = -12*p. What is the units digit of p?
4
Suppose 12*h = 5244 - 14580. Let n = h - -1523. What is the units digit of n?
5
Suppose f - l - 629 - 1067 = 0, -3*l - 3392 = -2*f. What is the tens digit of f?
9
Suppose -3*q = z - 17678 - 8622, -q - 105161 = -4*z. What is the units digit of z?
1
Let q be 32/(-5) + (-2)/(-5). Let l(b) = b**3 + 8*b**2 + 12*b + 3. Let j be l(q). What is the hundreds digit of j - (7410/(-54) + (-6)/(-27))?
1
Let c(y) = -y**3 + 14*y**2 - 11*y - 14. Let d be c(13). Let p be ((-4)/d)/((-3)/2169). Let w = -143 + p. What is the tens digit of w?
9
Let g be ((-6)/4)/((-9)/(-12)). Let w be 832/144 - g/9. What is the units digit of (1220/w)/5*(4 + -1)?
2
Let a be 9/(-21) - (1 + 19112/28). Let p = a - -1577. What is the tens digit of p?
9
Suppose -36 = -10*v - 16. Suppose 0 = 2*u - 2*w - 2 - 82, 0 = -u + v*w + 47. What is the tens digit of u?
3
Suppose -4*i + 4*z = -44248, 4*i - i - 33185 = 2*z. What is the units digit of i?
1
Let q(h) = h**2 - 13*h - 19. Let c be q(14). Let f be 119/c + 1 - 33/165. Let u = f - -107. What is the tens digit of u?
8
Let a(o) = -49*o**3 + 12*o**2 + 5*o + 5. Let h(i) = 52*i - 210. Let x be h(4). What is the tens digit of a(x)?
3
Let o = 185 - 137. What is the units digit of (-40)/(-16)*o/15?
8
Suppose 4*m + 5*o - 23871 = 0, 0 = -5*m + 5*o + 3875 + 26065. What is the units digit of m?
9
Suppose 2*z + 2*r = 4812, -4*r + 9910 = 5*z - 2125. What is the thousands digit of z?
2
Let z = 2 + 29. Suppose -z*a + 20114 = 2227. What is the hundreds digit of a?
5
Let r(p) be the first derivative of p**2 - 17*p + 43. Let k be r(19). Suppose 0 = k*x - 231 - 2730. What is the hundreds digit of x?
1
Suppose 26*p = 8 + 70. Let v = 5 + -3. Suppose p = d + v. What is the units digit of d?
1
Let y = 8 + -8. Suppose 5*c + 283 = 5*g + 1043, y = 3*g - 12. What is the tens digit of c?
5
Let v = 276 - 271. What is the tens digit of (-18)/v*(-115)/2?
0
Let x = 367 + -367. Let t(q) = -2*q + 565. What is the tens digit of t(x)?
6
Suppose -10*q - 30287 = -3627. Let s = -1413 - q. What is the hundreds digit of s?
2
Let w(v) = -v + 14. Let x be w(10). Suppose x*b + 0 = 8. Suppose 2*z = -d + 270, 3*d + 128 = 3*z - b*z. What is the tens digit of z?
3
Let j(w) = 2*w**2 - 2*w + 12524. What is the thousands digit of j(0)?
2
Let t be (-1)/((-15)/159) + 4/10. Let k be (11 - t - (0 + 0))/2. What is the tens digit of (-831)/(-27) - ((-4)/18 - k)?
3
Suppose -28*o + 23*o - 65 = 0. Let v(y) = -13 + y**3 - 2*y**2 + 12 + 33 + 15*y**2 - 16*y. What is the hundreds digit of v(o)?
2
Let d(v) = -2*v + 15. Let w be d(6). Suppose 0 = -w*n + s + 51, -5*n + 4*s = -59 - 33. What is the tens digit of n?
1
Suppose -33 = 9*l - 51. Suppose 0 = 9*a + l*a - 2871. What is the hundreds digit of a?
2
Suppose -12*a + 244 = -8*a. Let m = 63 - a. What is the tens digit of 134/(-8)*-4 - m/2?
6
Let r(b) = -5 + 5 - 1 + 12*b + 30*b**2. What is the hundreds digit of r(-4)?
4
Let i(l) = l**3 + 79*l**2 + 402*l - 240. What is the tens digit of i(-72)?
0
Suppose 4*m + 34557 - 100624 = -5*u, 33021 = 2*m + 5*u. What is the thousands digit of m?
6
Let a(i) = 10*i**2 - 12*i - 500. What is the tens digit of a(17)?
8
Let u be (-1)/((-2)/13 - 134946/(-877370)). Suppose 27*w = 5812 + u. What is the hundreds digit of w?
1
Suppose 0 = -32*f + 27*f + 340. Suppose 0 = -5*s - 17*l + 16*l + 110, s - 22 = 4*l. Let c = f + s. What is the tens digit of c?
9
Let l be 33/(-6)*(2 + -10). Suppose 2*o + 2285 - 2295 = 0. Suppose 0 = -o*c + 9*c - l. What is the tens digit of c?
1
Let m(j) = j**3 + 12*j**2 + 9*j - 16. Let q be m(-11). Let w be -195*((-6)/3)/q. Suppose -s = -2*s + w. What is the tens digit of s?
6
Suppose 2640 = -40*z + 20*z. Let w = -75 - z. What is the tens digit of w?
5
Let j = 343 - 148. Suppose j = t + 53. What is the tens digit of t?
4
Suppose 110511 = 3*c - 3*f, -1314*c + 1316*c - f = 73670. What is the tens digit of c?
3
Let f(r) = -1208*r + 257. What is the hundreds digit of f(-6)?
5
Suppose r + 8 = -0*r. Let m be 342/r + 4/(-16). Let g = -32 - m. What is the units digit of g?
1
Let y = 3277 + -2484. What is the units digit of y?
3
Let n(l) = -l**3 - 9*l**2 - 14*l - 24. Let x be 6/18 - (-31)/(-3). What is the hundreds digit of n(x)?
2
Let o be 1*2/(-2)*-16. Suppose -o - 122 = d. Let n = -89 - d. What is the tens digit of n?
4
Suppose 4*d + 187 = 2*v + d, -9 = -3*d. Let f = v + -4. Let r = 10 + f. What is the units digit of r?
4
Suppose -2*f + 181 = 2*f + 3*p, -4*p = 4*f - 176. Suppose 50*w - f*w = 0. Suppose 5*x - 424 - 281 = w. What is the hundreds digit of x?
1
Suppose d - 9*y = -13*y - 6, -3*d + 5*y + 16 = 0. Let v(m) = -77*m**2 - 8 - 2*m + 87*m**d + 2. What is the units digit of v(-4)?
2
Let u(i) be the second derivative of -i**5/20 - 2*i**4/3 + 5*i**3/6 - 3*i**2 + 7*i. Let b be u(-10). Suppose 426 - b = 3*c. What is the units digit of c?
4
What is the thousands digit of (8*44751/(-49))/(13/7 + -2)?
1
Let y(d) = 240*d + 41 + 5 + 7 - 589*d - 5. What is the hundreds digit of y(-4)?
4
What is the thousands digit of 8/(-20) + (-4 - 194412/(-30))?
6
Let x(a) = 4*a**3 - 2*a**2 + 8*a - 8. Let h(q) = -q + 26. Let c be h(8). Suppose 5*m + t - c = -0*t, 4*t + 20 = 3*m. What is the units digit of x(m)?
8
Let v = -147 + 150. Suppose -v*y = -5*m - 2341, -8*y + 5*y - 4*m = -2350. What is the units digit of y?
2
Suppose 0 = -2*o + 1073 + 787. Suppose -j = -4*j + 4*w + 930, 3*j - o = -w. Let t = -159 + j. What is the hundreds digit of t?
1
Let u(p) = -142*p**2 - 3 - p + p + 3*p + 155*p**2. Suppose 3*v + 9 = 0, -3*w = -v + 2*v. What is the units digit of u(w)?
3
Let c(y) = -26*y**3 - 11*y**2 - 78*y + 4. What is the tens digit of c(-5)?
6
Suppose 0 = -2*d - 0*d + 10. Let t be ((-5)/d)/((-43)/(-22) + -2). What is the tens digit of (26/3)/(t/165)?
6
Suppose s = -j + 1458, -5836 = -5*s + s - 2*j. Suppose -3*i - 2*p = -0*p - 1454, -3*i + p + s = 0. What is the hundreds digit of i?
4
Let q be 1/(-3) - (-12)/36. Let b be 322/(-8) + q - (-1)/4. Let t = b - -96. What is the tens digit of t?
5
Suppose 5*y = 2*l + 1 + 1, 5*y + 5*l - 30 = 0. Suppose -j = -5*j + 1152. Suppose y*k = -4*c + j, -2*k = -5*k + 2*c + 432. What is the units digit of k?
4
Let k(t) = 44*t - 261. Let s be